17, 83, 607
What are the prime factors of 1146648?
2, 3, 47777
What are the prime factors of 14052053?
41, 342733
What are the prime factors of 2631803?
211, 12473
What are the prime factors of 465534?
2, 3, 37, 233
List the prime factors of 686743.
31, 22153
What are the prime factors of 473990?
2, 5, 11, 31, 139
What are the prime factors of 566981?
139, 4079
What are the prime factors of 25675305?
3, 5, 1711687
List the prime factors of 552531.
3, 7, 83, 317
What are the prime factors of 2787940?
2, 5, 139397
List the prime factors of 27025181.
27025181
List the prime factors of 1020643.
13, 78511
List the prime factors of 830414.
2, 13, 19, 41
What are the prime factors of 18426187?
13, 1417399
List the prime factors of 99190.
2, 5, 7, 13, 109
What are the prime factors of 648910?
2, 5, 64891
What are the prime factors of 1004608?
2, 11, 1427
List the prime factors of 997293.
3, 11, 47, 643
List the prime factors of 1029008.
2, 73, 881
What are the prime factors of 164010?
2, 3, 5, 7, 11, 71
List the prime factors of 228894.
2, 3, 38149
What are the prime factors of 78147?
3, 19, 457
What are the prime factors of 32458?
2, 16229
What are the prime factors of 5450146?
2, 13, 209621
What are the prime factors of 11886471?
3, 827, 1597
What are the prime factors of 13115729?
11, 1192339
List the prime factors of 698165.
5, 13, 23, 467
List the prime factors of 5023.
5023
List the prime factors of 574561.
13, 193, 229
What are the prime factors of 3635771?
23, 158077
What are the prime factors of 122531?
19, 6449
What are the prime factors of 111554?
2, 17, 193
What are the prime factors of 1761186?
2, 3, 7, 19, 2207
List the prime factors of 1866950.
2, 5, 37339
What are the prime factors of 906399?
3, 13, 61, 127
What are the prime factors of 894468?
2, 3, 131, 569
What are the prime factors of 3794030?
2, 5, 461, 823
What are the prime factors of 590023?
7, 31, 2719
What are the prime factors of 30987?
3, 11, 313
What are the prime factors of 115170?
2, 3, 5, 11, 349
What are the prime factors of 22887338?
2, 17, 673157
List the prime factors of 34327926.
2, 3, 1907107
List the prime factors of 258469.
258469
What are the prime factors of 44432?
2, 2777
What are the prime factors of 180727?
17, 10631
List the prime factors of 593424.
2, 3, 13, 317
What are the prime factors of 122749?
11, 11159
List the prime factors of 151486.
2, 75743
What are the prime factors of 3105358?
2, 97, 16007
List the prime factors of 1090505.
5, 13, 19, 883
What are the prime factors of 166471?
166471
List the prime factors of 1814619.
3, 41, 14753
List the prime factors of 257731.
257731
What are the prime factors of 480468?
2, 3, 40039
What are the prime factors of 8180095?
5, 7, 11, 21247
What are the prime factors of 754818?
2, 3, 125803
What are the prime factors of 32977?
7, 673
List the prime factors of 20198011.
2801, 7211
What are the prime factors of 1193951?
11, 108541
List the prime factors of 1338695.
5, 267739
List the prime factors of 5022592.
2, 39239
What are the prime factors of 786069?
3, 167, 523
What are the prime factors of 4168672?
2, 17, 79, 97
What are the prime factors of 8369323?
8369323
List the prime factors of 765105.
3, 5, 11, 4637
What are the prime factors of 10234283?
181, 56543
List the prime factors of 1636911.
3, 239, 761
List the prime factors of 27582715.
5, 31, 177953
What are the prime factors of 3506690?
2, 5, 11, 71, 449
List the prime factors of 797312.
2, 6229
What are the prime factors of 117786?
2, 3, 67, 293
What are the prime factors of 1036359?
3, 115151
What are the prime factors of 208023?
3, 69341
List the prime factors of 859960.
2, 5, 21499
List the prime factors of 6753042.
2, 3, 375169
List the prime factors of 289016.
2, 7, 13, 397
What are the prime factors of 7656732?
2, 3, 17, 12511
List the prime factors of 6452560.
2, 5, 80657
List the prime factors of 264339.
3, 23, 1277
List the prime factors of 26841170.
2, 5, 397, 6761
List the prime factors of 3742281.
3, 47, 983
List the prime factors of 1172663.
1172663
List the prime factors of 6435908.
2, 19, 4457
List the prime factors of 2304984.
2, 3, 11, 8731
List the prime factors of 294972.
2, 3, 47, 523
List the prime factors of 4153604.
2, 7, 13, 11411
List the prime factors of 29882139.
3, 7, 643, 2213
List the prime factors of 1183526.
2, 431, 1373
What are the prime factors of 18082?
2, 9041
What are the prime factors of 14781?
3, 13, 379
List the prime factors of 1175731.
673, 1747
What are the prime factors of 130116?
2, 3, 7, 1549
What are the prime factors of 522286?
2, 113, 2311
What are the prime factors of 4238110?
2, 5, 139, 3049
What are the prime factors of 2622657?
3, 863, 1013
What are the prime factors of 358224?
2, 3, 17, 439
What are the prime factors of 5505184?
2, 89, 1933
List the prime factors of 121186.
2, 13, 59, 79
What are the prime factors of 710267?
67, 10601
List the prime factors of 1436693.
1436693
List the prime factors of 1517141.
1517141
What are the prime factors of 458898?
2, 3, 11, 17, 409
List the prime factors of 1036654.
2, 518327
List the prime factors of 1475014.
2, 737507
List the prime factors of 17558839.
17558839
List the prime factors of 7017.
3, 2339
What are the prime factors of 5151648?
2, 3, 103, 521
List the prime factors of 1260856.
2, 17, 73, 127
List the prime factors of 4618573.
569, 8117
List the prime factors of 360059.
7, 51437
What are the prime factors of 551416?
2, 68927
What are the prime factors of 74636?
2, 47, 397
What are the prime factors of 4162376?
2, 520297
List the prime factors of 535219.
535219
What are the prime factors of 32410645?
5, 6482129
List the prime factors of 716359.
7, 102337
What are the prime factors of 2438288?
2, 152393
What are the prime factors of 3527485?
5, 13, 54269
What are the prime factors of 7925110?
2, 5, 23, 34457
What are the prime factors of 1176291?
3, 130699
List the prime factors of 4409394.
2, 3, 11, 66809
What are the prime factors of 120419?
13, 59, 157
What are the prime factors of 5000752?
2, 23, 107, 127
List the prime factors of 991152.
2, 3, 6883
What are the prime factors of 622880?
2, 5, 17, 229
List the prime factors of 1769463.
3, 421, 467
What are the prime factors of 219087?
3, 11, 2213
What are the prime factors of 9004288?
2, 17, 2069
List the prime factors of 10746.
2, 3, 199
What are the prime factors of 6825021?
3, 7, 325001
What are the prime factors of 7986501?
3, 113, 7853
List the prime factors of 731030.
2, 5, 41, 1783
List the prime factors of 27293161.
7, 37, 105379
What are the prime factors of 410540?
2, 5, 13, 1579
What are the prime factors of 261330?
2, 3, 5, 31, 281
What are the prime factors of 4091293?
4091293
What are the prime factors of 19152?
2, 3, 7, 19
What are the prime factors of 4393158?
2, 3, 7, 11, 37, 257
What are the prime factors of 555973?
11, 50543
List the prime factors of 24747727.
59, 101, 4153
List the prime factors of 22647564.
2, 3, 157, 4007
List the prime factors of 1179136.
2, 7, 47
List the prime factors of 2187297.
3, 7, 71, 163
What are the prime factors of 1266656?
2, 23, 1721
List the prime factors of 3870752.
2, 73, 1657
What are the prime factors of 199166?
2, 11, 823
What are the prime factors of 480722?
2, 11, 21851
What are the prime factors of 283040?
2, 5, 29, 61
List the prime factors of 12597832.
2, 13, 29, 4177
List the prime factors of 522106.
2, 13, 43, 467
What are the prime factors of 127128?
2, 3, 5297
List the prime factors of 10046.
2, 5023
What are the prime factors of 8453998?
2, 7, 17, 35521
List the prime factors of 5344809.
3, 23, 71, 1091
List the prime factors of 1311025.
5, 229
List the prime factors of 25501201.
11, 149, 15559
What are the prime factors of 861732?
2, 3, 79, 101
What are the prime factors of 6401166?
2, 3, 41, 26021
List the prime factors of 385772.
2, 96443
List the prime factors of 2188019.
17, 67, 113
What are the prime factors of 1112775?
3, 5, 37, 401
What are the prime factors of 4156955?
5, 11, 6871
List the prime factors of 426699.
3, 7, 13, 521
List the prime factors of 22497.
3, 7499
List the prime factors of 3786931.
47, 197, 409
What are the prime factors of 1032358?
2, 516179
List the prime factors of 8710252.
2, 43, 89, 56